{"id":820,"date":"2024-01-25T16:14:59","date_gmt":"2024-01-25T15:14:59","guid":{"rendered":"https:\/\/www.domainelecaprougeat.fr\/?page_id=820"},"modified":"2024-02-08T14:46:12","modified_gmt":"2024-02-08T13:46:12","slug":"le-domaine","status":"publish","type":"page","link":"https:\/\/www.domainelecaprougeat.fr\/?page_id=820","title":{"rendered":"Le Domaine"},"content":{"rendered":"<div data-colibri-id=\"820-c1\" class=\"style-459 style-local-820-c1 position-relative\">\n  <!---->\n  <div data-colibri-component=\"section\" data-colibri-id=\"820-c2\" id=\"custom\" class=\"h-section h-section-global-spacing d-flex align-items-lg-center align-items-md-center align-items-center style-479 style-local-820-c2 position-relative\">\n    <!---->\n    <!---->\n    <div class=\"h-section-grid-container h-section-boxed-container\">\n      <!---->\n      <div data-colibri-id=\"820-c3\" class=\"h-row-container gutters-row-lg-2 gutters-row-md-2 gutters-row-0 gutters-row-v-lg-2 gutters-row-v-md-2 gutters-row-v-2 style-480 style-local-820-c3 position-relative\">\n        <!---->\n        <div class=\"h-row justify-content-lg-center justify-content-md-center justify-content-center align-items-lg-stretch align-items-md-stretch align-items-stretch gutters-col-lg-2 gutters-col-md-2 gutters-col-0 gutters-col-v-lg-2 gutters-col-v-md-2 gutters-col-v-2\">\n          <!---->\n          <div class=\"h-column h-column-container d-flex h-col-lg-auto h-col-md-auto h-col-auto style-481-outer style-local-820-c4-outer\">\n            <div data-colibri-id=\"820-c4\" class=\"d-flex h-flex-basis h-column__inner h-px-lg-2 h-px-md-2 h-px-2 v-inner-lg-2 v-inner-md-2 v-inner-2 style-481 style-local-820-c4 position-relative\">\n              <!---->\n              <!---->\n              <div class=\"w-100 h-y-container h-column__content h-column__v-align flex-basis-100 align-self-lg-start align-self-md-start align-self-start\">\n                <!---->\n                <div data-colibri-id=\"820-c5\" class=\"h-text h-text-component style-515 style-local-820-c5 position-relative h-element\">\n                  <!---->\n                  <!---->\n                  <div class=\"\">\n                    <p>Le Domaine\n                      <br>\n                    <\/p>\n                  <\/div>\n                <\/div>\n                <div data-colibri-id=\"820-c6\" class=\"d-block style-483 style-local-820-c6 position-relative h-element\">\n                  <!---->\n                  <div class=\"h-image__frame-container-outer\">\n                    <div class=\"h-image__frame-container\">\n                      <!---->\n                      <!---->\n                      <img loading=\"lazy\" decoding=\"async\" width=\"1200\" height=\"1200\" src=\"http:\/\/www.domainelecaprougeat.fr\/wp-content\/uploads\/2024\/01\/cap.jpg\" class=\"wp-image-831 style-483-image style-local-820-c6-image\" alt=\"\" srcset=\"https:\/\/www.domainelecaprougeat.fr\/wp-content\/uploads\/2024\/01\/cap.jpg 1200w, https:\/\/www.domainelecaprougeat.fr\/wp-content\/uploads\/2024\/01\/cap-300x300.jpg 300w, https:\/\/www.domainelecaprougeat.fr\/wp-content\/uploads\/2024\/01\/cap-1024x1024.jpg 1024w, https:\/\/www.domainelecaprougeat.fr\/wp-content\/uploads\/2024\/01\/cap-150x150.jpg 150w, https:\/\/www.domainelecaprougeat.fr\/wp-content\/uploads\/2024\/01\/cap-768x768.jpg 768w\" sizes=\"auto, (max-width: 1200px) 100vw, 1200px\" \/>\n                      <div class=\"h-image__frame h-hide-lg h-hide-md h-hide-sm style-483-frameImage style-local-820-c6-frameImage\"><\/div>\n                    <\/div>\n                  <\/div>\n                <\/div>\n              <\/div>\n            <\/div>\n          <\/div>\n        <\/div>\n      <\/div>\n      <div data-colibri-id=\"820-c7\" class=\"h-row-container gutters-row-lg-2 gutters-row-md-2 gutters-row-0 gutters-row-v-lg-2 gutters-row-v-md-2 gutters-row-v-2 style-521 style-local-820-c7 position-relative\">\n        <!---->\n        <div class=\"h-row justify-content-lg-center justify-content-md-center justify-content-center align-items-lg-stretch align-items-md-stretch align-items-stretch gutters-col-lg-2 gutters-col-md-2 gutters-col-0 gutters-col-v-lg-2 gutters-col-v-md-2 gutters-col-v-2\">\n          <!---->\n          <div class=\"h-column h-column-container d-flex h-col-lg-auto h-col-md-auto h-col-auto style-522-outer style-local-820-c8-outer\">\n            <div data-colibri-id=\"820-c8\" class=\"d-flex h-flex-basis h-column__inner h-px-lg-2 h-px-md-2 h-px-2 v-inner-lg-2 v-inner-md-2 v-inner-2 style-522 style-local-820-c8 position-relative\">\n              <!---->\n              <!---->\n              <div class=\"w-100 h-y-container h-column__content h-column__v-align flex-basis-100 align-self-lg-start align-self-md-start align-self-start\">\n                <!---->\n                <div data-colibri-id=\"820-c9\" class=\"h-text h-text-component style-520 style-local-820-c9 position-relative h-element\">\n                  <!---->\n                  <!---->\n                  <div class=\"\">\n                    <p>L&rsquo;\u00e9quipe du Caprougeat vous accueille sur son domaine tout au long de l&rsquo;ann\u00e9e.<\/p>\n                    <p>Vous trouverez sur le domaine un terrain de p\u00e9tanque, un espace pique-nique, un espace r\u00e9serv\u00e9 aux enfants avec des jeux, un parking et un important parc arbor\u00e9 pour tout vos \u00e9v\u00e8nements.\n                      <br>\n                    <\/p>\n                    <p>Hors \u00e9v\u00e8nement, vous pourrez profiter de la piscine et du jacuzzi.\n                      <br>\n                    <\/p>\n                  <\/div>\n                <\/div>\n              <\/div>\n            <\/div>\n          <\/div>\n        <\/div>\n      <\/div>\n    <\/div>\n  <\/div>\n  <div data-colibri-component=\"section\" data-colibri-id=\"820-c10\" id=\"custom-2\" class=\"h-section h-section-global-spacing d-flex align-items-lg-center align-items-md-center align-items-center style-484 style-local-820-c10 position-relative\">\n    <!---->\n    <!---->\n    <div class=\"h-section-grid-container h-section-boxed-container\">\n      <!---->\n      <div data-colibri-id=\"820-c11\" class=\"h-row-container gutters-row-lg-2 gutters-row-md-2 gutters-row-0 gutters-row-v-lg-2 gutters-row-v-md-2 gutters-row-v-2 style-488 style-local-820-c11 position-relative\">\n        <!---->\n        <div class=\"h-row justify-content-lg-center justify-content-md-center justify-content-center align-items-lg-stretch align-items-md-stretch align-items-stretch gutters-col-lg-2 gutters-col-md-2 gutters-col-0 gutters-col-v-lg-2 gutters-col-v-md-2 gutters-col-v-2\">\n          <!---->\n          <div class=\"h-column h-column-container d-flex h-col-lg-auto h-col-md-auto h-col-auto style-489-outer style-local-820-c12-outer\">\n            <div data-colibri-id=\"820-c12\" class=\"d-flex h-flex-basis h-column__inner h-px-lg-2 h-px-md-2 h-px-2 v-inner-lg-2 v-inner-md-2 v-inner-2 style-489 style-local-820-c12 position-relative\">\n              <!---->\n              <!---->\n              <div class=\"w-100 h-y-container h-column__content h-column__v-align flex-basis-100 align-self-lg-start align-self-md-start align-self-start\">\n                <!---->\n                <div data-colibri-id=\"820-c13\" class=\"d-block style-500 style-local-820-c13 position-relative h-element\">\n                  <!---->\n                  <div class=\"h-image__frame-container-outer\">\n                    <div class=\"h-image__frame-container\">\n                      <!---->\n                      <!---->\n                      <img loading=\"lazy\" decoding=\"async\" width=\"1599\" height=\"720\" src=\"http:\/\/www.domainelecaprougeat.fr\/wp-content\/uploads\/2024\/01\/cropped-8e59eaa0-eae7-4080-b125-fbe1419de2b8.jpg\" class=\"wp-image-839 style-500-image style-local-820-c13-image\" alt=\"\" srcset=\"https:\/\/www.domainelecaprougeat.fr\/wp-content\/uploads\/2024\/01\/cropped-8e59eaa0-eae7-4080-b125-fbe1419de2b8.jpg 1599w, https:\/\/www.domainelecaprougeat.fr\/wp-content\/uploads\/2024\/01\/cropped-8e59eaa0-eae7-4080-b125-fbe1419de2b8-300x135.jpg 300w, https:\/\/www.domainelecaprougeat.fr\/wp-content\/uploads\/2024\/01\/cropped-8e59eaa0-eae7-4080-b125-fbe1419de2b8-1024x461.jpg 1024w, https:\/\/www.domainelecaprougeat.fr\/wp-content\/uploads\/2024\/01\/cropped-8e59eaa0-eae7-4080-b125-fbe1419de2b8-768x346.jpg 768w, https:\/\/www.domainelecaprougeat.fr\/wp-content\/uploads\/2024\/01\/cropped-8e59eaa0-eae7-4080-b125-fbe1419de2b8-1536x692.jpg 1536w\" sizes=\"auto, (max-width: 1599px) 100vw, 1599px\" \/>\n                      <div class=\"h-image__frame h-hide-lg h-hide-md h-hide-sm style-500-frameImage style-local-820-c13-frameImage\"><\/div>\n                    <\/div>\n                  <\/div>\n                <\/div>\n              <\/div>\n            <\/div>\n          <\/div>\n        <\/div>\n      <\/div>\n      <div data-colibri-id=\"820-c14\" class=\"h-row-container gutters-row-lg-2 gutters-row-md-2 gutters-row-0 gutters-row-v-lg-2 gutters-row-v-md-2 gutters-row-v-2 style-498 style-local-820-c14 position-relative\">\n        <!---->\n        <div class=\"h-row justify-content-lg-center justify-content-md-center justify-content-center align-items-lg-stretch align-items-md-stretch align-items-stretch gutters-col-lg-2 gutters-col-md-2 gutters-col-0 gutters-col-v-lg-2 gutters-col-v-md-2 gutters-col-v-2\">\n          <!---->\n          <div class=\"h-column h-column-container d-flex h-col-lg-auto h-col-md-auto h-col-auto style-499-outer style-local-820-c15-outer\">\n            <div data-colibri-id=\"820-c15\" class=\"d-flex h-flex-basis h-column__inner h-px-lg-2 h-px-md-2 h-px-2 v-inner-lg-2 v-inner-md-2 v-inner-2 style-499 style-local-820-c15 position-relative\">\n              <!---->\n              <!---->\n              <div class=\"w-100 h-y-container h-column__content h-column__v-align flex-basis-100 align-self-lg-start align-self-md-start align-self-start\">\n                <!---->\n                <div data-colibri-id=\"820-c16\" class=\"d-block style-492 style-local-820-c16 position-relative h-element\">\n                  <!---->\n                  <div class=\"h-image__frame-container-outer\">\n                    <div class=\"h-image__frame-container\">\n                      <!---->\n                      <!---->\n                      <img loading=\"lazy\" decoding=\"async\" width=\"2558\" height=\"1439\" src=\"http:\/\/www.domainelecaprougeat.fr\/wp-content\/uploads\/2024\/01\/cropped-DSC_3163-scaled-1.jpg\" class=\"wp-image-837 style-492-image style-local-820-c16-image\" alt=\"\" srcset=\"https:\/\/www.domainelecaprougeat.fr\/wp-content\/uploads\/2024\/01\/cropped-DSC_3163-scaled-1.jpg 2558w, https:\/\/www.domainelecaprougeat.fr\/wp-content\/uploads\/2024\/01\/cropped-DSC_3163-scaled-1-300x169.jpg 300w, https:\/\/www.domainelecaprougeat.fr\/wp-content\/uploads\/2024\/01\/cropped-DSC_3163-scaled-1-1024x576.jpg 1024w, https:\/\/www.domainelecaprougeat.fr\/wp-content\/uploads\/2024\/01\/cropped-DSC_3163-scaled-1-768x432.jpg 768w, https:\/\/www.domainelecaprougeat.fr\/wp-content\/uploads\/2024\/01\/cropped-DSC_3163-scaled-1-1536x864.jpg 1536w, https:\/\/www.domainelecaprougeat.fr\/wp-content\/uploads\/2024\/01\/cropped-DSC_3163-scaled-1-2048x1152.jpg 2048w\" sizes=\"auto, (max-width: 2558px) 100vw, 2558px\" \/>\n                      <div class=\"h-image__frame h-hide-lg h-hide-md h-hide-sm style-492-frameImage style-local-820-c16-frameImage\"><\/div>\n                    <\/div>\n                  <\/div>\n                <\/div>\n              <\/div>\n            <\/div>\n          <\/div>\n        <\/div>\n      <\/div>\n      <div data-colibri-id=\"820-c17\" class=\"h-row-container gutters-row-lg-2 gutters-row-md-2 gutters-row-0 gutters-row-v-lg-2 gutters-row-v-md-2 gutters-row-v-2 style-485 style-local-820-c17 position-relative\">\n        <!---->\n        <div class=\"h-row justify-content-lg-center justify-content-md-center justify-content-center align-items-lg-stretch align-items-md-stretch align-items-stretch gutters-col-lg-2 gutters-col-md-2 gutters-col-0 gutters-col-v-lg-2 gutters-col-v-md-2 gutters-col-v-2\">\n          <!---->\n          <div class=\"h-column h-column-container d-flex h-col-lg-auto h-col-md-auto h-col-auto style-486-outer style-local-820-c18-outer\">\n            <div data-colibri-id=\"820-c18\" class=\"d-flex h-flex-basis h-column__inner h-px-lg-2 h-px-md-2 h-px-2 v-inner-lg-2 v-inner-md-2 v-inner-2 style-486 style-local-820-c18 position-relative\">\n              <!---->\n              <!---->\n              <div class=\"w-100 h-y-container h-column__content h-column__v-align flex-basis-100 align-self-lg-start align-self-md-start align-self-start\">\n                <!---->\n                <div data-colibri-id=\"820-c19\" class=\"d-block style-490 style-local-820-c19 position-relative h-element\">\n                  <!---->\n                  <div class=\"h-image__frame-container-outer\">\n                    <div class=\"h-image__frame-container\">\n                      <!---->\n                      <!---->\n                      <img loading=\"lazy\" decoding=\"async\" width=\"1061\" height=\"1600\" src=\"http:\/\/www.domainelecaprougeat.fr\/wp-content\/uploads\/2024\/01\/cropped-ceremonie-laique.jpg\" class=\"wp-image-834 style-490-image style-local-820-c19-image\" alt=\"\" srcset=\"https:\/\/www.domainelecaprougeat.fr\/wp-content\/uploads\/2024\/01\/cropped-ceremonie-laique.jpg 1061w, https:\/\/www.domainelecaprougeat.fr\/wp-content\/uploads\/2024\/01\/cropped-ceremonie-laique-199x300.jpg 199w, https:\/\/www.domainelecaprougeat.fr\/wp-content\/uploads\/2024\/01\/cropped-ceremonie-laique-679x1024.jpg 679w, https:\/\/www.domainelecaprougeat.fr\/wp-content\/uploads\/2024\/01\/cropped-ceremonie-laique-768x1158.jpg 768w, https:\/\/www.domainelecaprougeat.fr\/wp-content\/uploads\/2024\/01\/cropped-ceremonie-laique-1019x1536.jpg 1019w\" sizes=\"auto, (max-width: 1061px) 100vw, 1061px\" \/>\n                      <div class=\"h-image__frame h-hide-lg h-hide-md h-hide-sm style-490-frameImage style-local-820-c19-frameImage\"><\/div>\n                    <\/div>\n                  <\/div>\n                <\/div>\n              <\/div>\n            <\/div>\n          <\/div>\n          <div class=\"h-column h-column-container d-flex h-col-lg-auto h-col-md-auto h-col-auto style-487-outer style-local-820-c20-outer\">\n            <div data-colibri-id=\"820-c20\" class=\"d-flex h-flex-basis h-column__inner h-px-lg-2 h-px-md-2 h-px-2 v-inner-lg-2 v-inner-md-2 v-inner-2 style-487 style-local-820-c20 position-relative\">\n              <!---->\n              <!---->\n              <div class=\"w-100 h-y-container h-column__content h-column__v-align flex-basis-100 align-self-lg-start align-self-md-start align-self-start\">\n                <!---->\n                <div data-colibri-id=\"820-c21\" class=\"d-block style-506 style-local-820-c21 position-relative h-element\">\n                  <!---->\n                  <div class=\"h-image__frame-container-outer\">\n                    <div class=\"h-image__frame-container\">\n                      <!---->\n                      <!---->\n                      <img loading=\"lazy\" decoding=\"async\" width=\"1534\" height=\"2048\" src=\"http:\/\/www.domainelecaprougeat.fr\/wp-content\/uploads\/2024\/01\/cropped-cap-7.jpeg\" class=\"wp-image-843 style-506-image style-local-820-c21-image\" alt=\"\" srcset=\"https:\/\/www.domainelecaprougeat.fr\/wp-content\/uploads\/2024\/01\/cropped-cap-7.jpeg 1534w, https:\/\/www.domainelecaprougeat.fr\/wp-content\/uploads\/2024\/01\/cropped-cap-7-225x300.jpeg 225w, https:\/\/www.domainelecaprougeat.fr\/wp-content\/uploads\/2024\/01\/cropped-cap-7-767x1024.jpeg 767w, https:\/\/www.domainelecaprougeat.fr\/wp-content\/uploads\/2024\/01\/cropped-cap-7-768x1025.jpeg 768w, https:\/\/www.domainelecaprougeat.fr\/wp-content\/uploads\/2024\/01\/cropped-cap-7-1151x1536.jpeg 1151w\" sizes=\"auto, (max-width: 1534px) 100vw, 1534px\" \/>\n                      <div class=\"h-image__frame h-hide-lg h-hide-md h-hide-sm style-506-frameImage style-local-820-c21-frameImage\"><\/div>\n                    <\/div>\n                  <\/div>\n                <\/div>\n              <\/div>\n            <\/div>\n          <\/div>\n        <\/div>\n      <\/div>\n      <div data-colibri-id=\"820-c22\" class=\"h-row-container gutters-row-lg-2 gutters-row-md-2 gutters-row-0 gutters-row-v-lg-2 gutters-row-v-md-2 gutters-row-v-2 style-526 style-local-820-c22 position-relative\">\n        <!---->\n        <div class=\"h-row justify-content-lg-center justify-content-md-center justify-content-center align-items-lg-stretch align-items-md-stretch align-items-stretch gutters-col-lg-2 gutters-col-md-2 gutters-col-0 gutters-col-v-lg-2 gutters-col-v-md-2 gutters-col-v-2\">\n          <!---->\n          <div class=\"h-column h-column-container d-flex h-col-lg-auto h-col-md-auto h-col-auto style-527-outer style-local-820-c23-outer\">\n            <div data-colibri-id=\"820-c23\" class=\"d-flex h-flex-basis h-column__inner h-px-lg-2 h-px-md-2 h-px-2 v-inner-lg-2 v-inner-md-2 v-inner-2 style-527 style-local-820-c23 position-relative\">\n              <!---->\n              <!---->\n              <div class=\"w-100 h-y-container h-column__content h-column__v-align flex-basis-100 align-self-lg-start align-self-md-start align-self-start\">\n                <!---->\n                <div data-colibri-id=\"820-c24\" class=\"d-block style-505 style-local-820-c24 position-relative h-element\">\n                  <!---->\n                  <div class=\"h-image__frame-container-outer\">\n                    <div class=\"h-image__frame-container\">\n                      <!---->\n                      <!---->\n                      <img loading=\"lazy\" decoding=\"async\" width=\"921\" height=\"667\" src=\"http:\/\/www.domainelecaprougeat.fr\/wp-content\/uploads\/2024\/01\/cropped-433737-2_Jacuzzi.Campagne.Chic_.Daux_.Toulouse.MEET_a8799028261bee7f3b11d615517588fc.jpg\" class=\"wp-image-841 style-505-image style-local-820-c24-image\" alt=\"\" srcset=\"https:\/\/www.domainelecaprougeat.fr\/wp-content\/uploads\/2024\/01\/cropped-433737-2_Jacuzzi.Campagne.Chic_.Daux_.Toulouse.MEET_a8799028261bee7f3b11d615517588fc.jpg 921w, https:\/\/www.domainelecaprougeat.fr\/wp-content\/uploads\/2024\/01\/cropped-433737-2_Jacuzzi.Campagne.Chic_.Daux_.Toulouse.MEET_a8799028261bee7f3b11d615517588fc-300x217.jpg 300w, https:\/\/www.domainelecaprougeat.fr\/wp-content\/uploads\/2024\/01\/cropped-433737-2_Jacuzzi.Campagne.Chic_.Daux_.Toulouse.MEET_a8799028261bee7f3b11d615517588fc-768x556.jpg 768w\" sizes=\"auto, (max-width: 921px) 100vw, 921px\" \/>\n                      <div class=\"h-image__frame h-hide-lg h-hide-md h-hide-sm style-505-frameImage style-local-820-c24-frameImage\"><\/div>\n                    <\/div>\n                  <\/div>\n                <\/div>\n              <\/div>\n            <\/div>\n          <\/div>\n        <\/div>\n      <\/div>\n    <\/div>\n  <\/div>\n<\/div>","protected":false},"excerpt":{"rendered":"<p>Le Domaine L&rsquo;\u00e9quipe du Caprougeat vous accueille sur son domaine tout au long de l&rsquo;ann\u00e9e. Vous trouverez sur le domaine un terrain de p\u00e9tanque, un espace pique-nique, un espace r\u00e9serv\u00e9 aux enfants avec des jeux, un parking et un important parc arbor\u00e9 pour tout vos \u00e9v\u00e8nements. Hors \u00e9v\u00e8nement, vous pourrez profiter de la piscine et [&hellip;]<\/p>\n","protected":false},"author":1,"featured_media":0,"parent":0,"menu_order":0,"comment_status":"closed","ping_status":"closed","template":"page-templates\/full-width-page.php","meta":{"footnotes":""},"class_list":["post-820","page","type-page","status-publish","hentry"],"_links":{"self":[{"href":"https:\/\/www.domainelecaprougeat.fr\/index.php?rest_route=\/wp\/v2\/pages\/820","targetHints":{"allow":["GET"]}}],"collection":[{"href":"https:\/\/www.domainelecaprougeat.fr\/index.php?rest_route=\/wp\/v2\/pages"}],"about":[{"href":"https:\/\/www.domainelecaprougeat.fr\/index.php?rest_route=\/wp\/v2\/types\/page"}],"author":[{"embeddable":true,"href":"https:\/\/www.domainelecaprougeat.fr\/index.php?rest_route=\/wp\/v2\/users\/1"}],"replies":[{"embeddable":true,"href":"https:\/\/www.domainelecaprougeat.fr\/index.php?rest_route=%2Fwp%2Fv2%2Fcomments&post=820"}],"version-history":[{"count":5,"href":"https:\/\/www.domainelecaprougeat.fr\/index.php?rest_route=\/wp\/v2\/pages\/820\/revisions"}],"predecessor-version":[{"id":969,"href":"https:\/\/www.domainelecaprougeat.fr\/index.php?rest_route=\/wp\/v2\/pages\/820\/revisions\/969"}],"wp:attachment":[{"href":"https:\/\/www.domainelecaprougeat.fr\/index.php?rest_route=%2Fwp%2Fv2%2Fmedia&parent=820"}],"curies":[{"name":"wp","href":"https:\/\/api.w.org\/{rel}","templated":true}]}}